{"id":4937,"date":"2021-09-29T14:17:52","date_gmt":"2021-09-29T12:17:52","guid":{"rendered":"https:\/\/melodypartybox.de\/myzeil\/?page_id=4937"},"modified":"2024-12-12T06:42:54","modified_gmt":"2024-12-12T05:42:54","slug":"datenschutz","status":"publish","type":"page","link":"https:\/\/melodypartybox.de\/wiesbaden\/datenschutz\/","title":{"rendered":"Datenschutz"},"content":{"rendered":"<div class=\"fusion-fullwidth fullwidth-box fusion-builder-row-1 fusion-flex-container nonhundred-percent-fullwidth non-hundred-percent-height-scrolling\" style=\"--awb-border-radius-top-left:0px;--awb-border-radius-top-right:0px;--awb-border-radius-bottom-right:0px;--awb-border-radius-bottom-left:0px;--awb-flex-wrap:wrap;\" ><div class=\"fusion-builder-row fusion-row fusion-flex-align-items-flex-start fusion-flex-content-wrap\" style=\"max-width:1378px;margin-left: calc(-4% \/ 2 );margin-right: calc(-4% \/ 2 );\"><div class=\"fusion-layout-column fusion_builder_column fusion-builder-column-0 fusion_builder_column_1_6 1_6 fusion-flex-column\" style=\"--awb-bg-size:cover;--awb-width-large:16.666666666667%;--awb-margin-top-large:0px;--awb-spacing-right-large:11.52%;--awb-margin-bottom-large:20px;--awb-spacing-left-large:11.52%;--awb-width-medium:100%;--awb-order-medium:0;--awb-spacing-right-medium:1.92%;--awb-spacing-left-medium:1.92%;--awb-width-small:100%;--awb-order-small:0;--awb-spacing-right-small:1.92%;--awb-spacing-left-small:1.92%;\"><div class=\"fusion-column-wrapper fusion-column-has-shadow fusion-flex-justify-content-flex-start fusion-content-layout-column\"><\/div><\/div><div class=\"fusion-layout-column fusion_builder_column fusion-builder-column-1 fusion_builder_column_2_3 2_3 fusion-flex-column\" style=\"--awb-bg-size:cover;--awb-width-large:66.666666666667%;--awb-margin-top-large:0px;--awb-spacing-right-large:2.88%;--awb-margin-bottom-large:20px;--awb-spacing-left-large:2.88%;--awb-width-medium:100%;--awb-order-medium:0;--awb-spacing-right-medium:1.92%;--awb-spacing-left-medium:1.92%;--awb-width-small:100%;--awb-order-small:0;--awb-spacing-right-small:1.92%;--awb-spacing-left-small:1.92%;\"><div class=\"fusion-column-wrapper fusion-column-has-shadow fusion-flex-justify-content-flex-start fusion-content-layout-column\"><div class=\"fusion-text fusion-text-1\"><h2 data-fontsize=\"34\" style=\"--fontSize: 34; line-height: 1.28;\" data-lineheight=\"43.52px\" class=\"fusion-responsive-typography-calculated\"><i><strong>DATENSCHUTZHINWEISE<\/strong><\/i><\/h2>\n<p>Wir m\u00f6chten Sie nachfolgend \u00fcber die Verarbeitung personenbezogener Daten im Rahmen der Nutzung unserer Internetseiten informieren.<\/p>\n<h3 data-fontsize=\"24\" style=\"--fontSize: 24; line-height: 1.36; --minFontSize: 24;\" data-lineheight=\"32.64px\" class=\"fusion-responsive-typography-calculated\"><i><strong>VERANTWORTLICHER<\/strong><\/i><\/h3>\n<p><strong>Verantwortlicher<\/strong> f\u00fcr diese Internetseiten ist die <strong>Hourun GmbH<\/strong> (Taunus Stra\u00dfe 27, 65183 Wiesbaden). Weitere Angaben zu unserem Unternehmen und den vertretungsberechtigten Personen k\u00f6nnen Sie unserem <a href=\"https:\/\/melodypartybox.de\/myzeil\/impressum\/\">Impressum<\/a> entnehmen.<\/p>\n<h3 data-fontsize=\"24\" style=\"--fontSize: 24; line-height: 1.36; --minFontSize: 24;\" data-lineheight=\"32.64px\" class=\"fusion-responsive-typography-calculated\"><i><strong>WELCHE DATEN WERDEN VERARBEITET?<\/strong><\/i><\/h3>\n<p>Rechtsgrundlagen der Datenverarbeitung.<\/p>\n<p>Um Ihnen unsere Internetseite und die damit verbundenen Dienstleistungen anbieten zu k\u00f6nnen, verarbeiten wir personenbezogene Daten auf Basis folgender Rechtsgrundlagen:<\/p>\n<ul>\n<li><strong>Einwilligung<\/strong> (Art. 6 Abs. 1 lit. a) DSGVO)<\/li>\n<li>zur <strong>Erf\u00fcllung von Vertr\u00e4gen<\/strong> (Art. 6 Abs. 1 lit. b) DSGVO<\/li>\n<li>auf Basis einer <strong>Interessenabw\u00e4gung<\/strong> (Art. 6 Abs. 1 lit. f) DSGVO)<\/li>\n<li>zur Erf\u00fcllung einer <strong>rechtlichen Verpflichtung<\/strong> (Art. 6 Abs. 1 lit. c) DSGVO)<\/li>\n<\/ul>\n<p>Wir werden im Zusammenhang mit der jeweiligen Verarbeitung auf die entsprechenden Begrifflichkeiten Bezug nehmen, so dass Sie einordnen k\u00f6nnen, auf welcher Basis wir personenbezogene Daten verarbeiten.<\/p>\n<p>Wenn personenbezogene Daten auf Grundlage einer <strong>Einwilligung<\/strong> von Ihnen verarbeitet werden, haben Sie das Recht, die Einwilligung jederzeit mit Wirkung f\u00fcr die Zukunft uns gegen\u00fcber zu <strong>widerrufen<\/strong>.<\/p>\n<p>Wenn wir Daten auf Basis einer <strong>Interessenabw\u00e4gung<\/strong> verarbeiten, haben Sie als Betroffene\/r das Recht, unter Ber\u00fccksichtigung der Vorgaben von Art. 21 DSGVO der Verarbeitung der personenbezogenen Daten zu <strong>widersprechen.<\/strong><\/p>\n<h3 data-fontsize=\"24\" style=\"--fontSize: 24; line-height: 1.36; --minFontSize: 24;\" data-lineheight=\"32.64px\" class=\"fusion-responsive-typography-calculated\"><i><strong>ZUGRIFFSDATEN<\/strong><\/i><\/h3>\n<p>Wenn Sie unsere Internetseiten besuchen, werden personenbezogene Daten verarbeitet, um Ihnen die Inhalte der Internetseite auf Ihrem Endger\u00e4t anzeigen zu k\u00f6nnen.<\/p>\n<p>Damit die Seiten in Ihrem Browser dargestellt werden k\u00f6nnen, muss die IP-Adresse des von Ihnen verwendeten Endger\u00e4ts verarbeitet werden. Hinzu kommen weitere Information \u00fcber den Browser Ihres Endger\u00e4ts.<\/p>\n<p>Wir sind datenschutzrechtlich verpflichtet, auch die Vertraulichkeit und Integrit\u00e4t der mit unseren IT-Systemen verarbeiteten personenbezogenen Daten zu gew\u00e4hrleisten.<\/p>\n<p>F\u00fcr diesen Zweck und aus diesem Interesse werden auf Basis einer Interessenabw\u00e4gung nachfolgende Daten protokolliert:<\/p>\n<ul>\n<li>IP-Adresse des aufrufenden Rechners (f\u00fcr maximal 7 Tage)<\/li>\n<li>Betriebssystem des aufrufenden Rechners<\/li>\n<li>Browser Version des aufrufenden Rechners<\/li>\n<li>Name der abgerufenen Datei<\/li>\n<li>Datum und Uhrzeit des Abrufs<\/li>\n<li>\u00fcbertragene Datenmenge<\/li>\n<li>Verweisende URL<\/li>\n<\/ul>\n<p>Die IP-Adresse wird nach sp\u00e4testens 7 Tagen von allen Systemen, die im Zusammenhang mit dem Betrieb dieser Internetseiten verwendet werden, gel\u00f6scht. Einen Personenbezug k\u00f6nnen wir aus den verbleibenden Daten dann nicht mehr herstellen.<\/p>\n<p>Die Daten werden ferner auch verwendet, um Fehler auf den Internetseiten ermitteln und beheben zu k\u00f6nnen.<\/p>\n<h3 data-fontsize=\"24\" style=\"--fontSize: 24; line-height: 1.36; --minFontSize: 24;\" data-lineheight=\"32.64px\" class=\"fusion-responsive-typography-calculated\"><i><strong>KONTAKTFORMULAR<\/strong><\/i><\/h3>\n<p>Wir bieten auf unserer Internetseite ein Kontaktformular an, \u00fcber das Sie Informationen zu unseren Produkten oder Dienstleistungen anfordern oder allgemein Kontakt aufnehmen k\u00f6nnen. Die von Ihnen zwingend zur Beantwortung einer Anfrage erforderlichen Daten haben wir als Pflichtfelder gekennzeichnet. Angaben zu weiteren Datenfeldern sind freiwillig.<\/p>\n<p>Wir ben\u00f6tigen diese Angaben, um Ihre Anfrage zu bearbeiten, Sie korrekt anzusprechen und Ihnen eine Antwort zukommen zu lassen. Die Datenverarbeitung erfolgt bei konkreten Anfragen zur Erf\u00fcllung eines Vertrages bzw. der Vertragsanbahnung. Bei allgemeinen Anfragen erfolgt die Verarbeitung auf Basis einer Interessenabw\u00e4gung.<\/p>\n<p>Anfragen, die \u00fcber das Kontaktformular unserer Internetseite eingehen, werden bei uns elektronisch verarbeitet, um Ihre Anfrage zu beantworten. In dem Zusammenhang erhalten ggf. auch weitere Personen oder Abteilungen und ggf. Dritte Kenntnis von den Formularinhalten, die Sie \u00fcbersendet haben.<\/p>\n<p>Die \u00dcbermittlung der Formular-Daten \u00fcber das Internet erfolgt \u00fcber verschl\u00fcsselte Verbindungen.<\/p>\n<h3 data-fontsize=\"24\" style=\"--fontSize: 24; line-height: 1.36; --minFontSize: 24;\" data-lineheight=\"32.64px\" class=\"fusion-responsive-typography-calculated\"><i><strong>NEWSLETTER<\/strong><\/i><\/h3>\n<p>Sie k\u00f6nnen auf unserer Internetseite auch einen E-Mail-Newsletter abonnieren. Wir verarbeiten neben den freiwilligen Angaben im jeweiligen Formular dazu nur Ihre E-Mail-Adresse. Diese ist allerdings auch zwingend erforderlich, um Ihnen den Newsletter zusenden zu k\u00f6nnen.<\/p>\n<p>Sie k\u00f6nnen den Newsletter jederzeit bei uns abbestellen. Alternativ finden Sie einen Link zur Abmeldung in jeder Newsletter-E-Mail.<\/p>\n<p>Um die Beliebtheit von unseren Newsletter-Aussendungen analysieren zu k\u00f6nnen und diese optimieren zu k\u00f6nnen, protokollieren wir, wenn E-Mails ge\u00f6ffnet und Links geklickt wurden. Diese Nutzungsanalyse erfolgt auf Basis einer Interessenabw\u00e4gung. Sie k\u00f6nnen dieser Verarbeitung widersprechen, indem Sie sich von dem Newsletter abmelden.<\/p>\n<h3 data-fontsize=\"24\" style=\"--fontSize: 24; line-height: 1.36; --minFontSize: 24;\" data-lineheight=\"32.64px\" class=\"fusion-responsive-typography-calculated\"><i><strong>SHOP<\/strong><\/i><\/h3>\n<p>F\u00fcr den Betrieb unseres Online-Shops und das Bestellen von Waren und\/oder Dienstleistungen werden ebenfalls personenbezogene Daten verarbeitet. Dies erfolgt im Hinblick auf die Shop-Funktionen grunds\u00e4tzlich zur Anbahnung bzw. Erf\u00fcllung von Vertr\u00e4gen zum Kauf bzw. den Bezug unserer Waren und Dienstleister.<\/p>\n<p>Im Hinblick auf die Anzeige von passenden Produkten in Ihrem Endger\u00e4t verarbeiten wir Daten aus der Nutzung des Online-Shops auf Basis einer Interessenabw\u00e4gung.<\/p>\n<h3 data-fontsize=\"24\" style=\"--fontSize: 24; line-height: 1.36; --minFontSize: 24;\" data-lineheight=\"32.64px\" class=\"fusion-responsive-typography-calculated\"><i><strong>COOKIES<\/strong><\/i><\/h3>\n<p>Auf unseren Internetseiten kommen Cookies zum Einsatz. Cookies sind kleine Textinformationen, die \u00fcber ihren Browser in Ihrem Endger\u00e4t gespeichert werden. Die Cookies sind erforderlich, um bestimmte Funktionen unserer Internetseiten zu erm\u00f6glichen.<\/p>\n<p>Wir nutzen dabei sowohl Session-Cookies, die unmittelbar nach Beendigung des Besuchs der Internetseiten automatisch von Ihrem Browser gel\u00f6scht werden.<\/p>\n<p>Im Bereich der Webanalyse setzen wir aber auch sog. persistente Cookies ein, die nicht automatisch nach Beendigung des Besuchs unserer Internetseite gel\u00f6scht werden.<\/p>\n<p>Sie haben die M\u00f6glichkeit, das Setzen von Cookies durch entsprechende Einstellungen in Ihrem Browser zu unterbinden. Wir weisen jedoch darauf hin, dass die Nutzung unserer Internetseiten dann ggf. nur eingeschr\u00e4nkt m\u00f6glich ist. Durch Cookies werden keine Programme oder sonstige Applikationen auf Ihrem Rechner installiert oder gestartet.<\/p>\n<p>Der Einsatz von Cookies erfolgt auf Basis einer Interessenabw\u00e4gung. Unser Interesse ist der bedienungsfreundliche Besuch unserer Internetseiten.<\/p>\n<h3 data-fontsize=\"24\" style=\"--fontSize: 24; line-height: 1.36; --minFontSize: 24;\" data-lineheight=\"32.64px\" class=\"fusion-responsive-typography-calculated\"><i><strong>WEBANALYSE<\/strong><\/i><\/h3>\n<p>Auf dieser Website kommt das Webanalyse-Tool \u201cGoogle Analytics\u201d zum Einsatz, eine Dienstleistung, die von Google Ireland Limited angeboten wird. Zweck des Einsatzes ist die \u201ebedarfsgerechte Gestaltung\u201c dieser Internetseite, die auf Basis einer Interessenabw\u00e4gung durchgef\u00fchrt wird. Die Webanalyse erm\u00f6glicht uns au\u00dferdem, Fehler der Internetseite z.B. durch fehlerhafte Links zu erkennen und zu beheben. Google Analytics verwendet sog. \u201eCookies\u201c. Das sind Textdateien, die auf Ihrem Computer gespeichert werden und die eine Analyse der Benutzung der Website durch Sie erm\u00f6glichen. Dabei kommen sog. \u201eClient-IDs\u201c zur Anwendung, die dazu dienen, pseudonyme Nutzungsprofile zu erstellen, die die Nutzung der Internetseiten durch Desktop-Computer und mobile Endger\u00e4te durch einen Nutzer gemeinsam erfassen.<\/p>\n<p>Die durch das Cookie erzeugten Informationen \u00fcber Ihre Benutzung dieser Website werden in der Regel an einen Server von Google in den USA \u00fcbertragen und dort gespeichert. Da wir die sog. IP-Anonymisierung auf dieser Website aktiviert und einen entsprechenden Auftragsverarbeitungsvertrag mit Google abgeschlossen haben, wird Ihre IP-Adresse von Google jedoch innerhalb von Mitgliedstaaten der Europ\u00e4ischen Union oder in anderen Vertragsstaaten des Abkommens \u00fcber den Europ\u00e4ischen Wirtschaftsraum zuvor gek\u00fcrzt. Nur in Ausnahmef\u00e4llen wird die volle IP-Adresse an einen Server von Google in den USA \u00fcbertragen und dort gek\u00fcrzt.<\/p>\n<p>Google in den USA ist nach dem sog. \u201ePrivacy Shield\u201c zertifiziert (<a href=\"https:\/\/www.privacyshield.gov\/participant?id=a2zt000000001L5AAI&amp;status=Active\">Listeneintrag<\/a>). Ein angemessenes Datenschutzniveau wird von Google garantiert.<\/p>\n<p>Sie k\u00f6nnen die Erfassung der durch das Cookie erzeugten und auf Ihre Nutzung der Website bezogenen Daten (inkl. Ihrer IP-Adresse) an Google sowie die Verarbeitung dieser Daten durch Google verhindern, indem sie das unter dem folgenden Link (https:\/\/tools.google.com\/dlpage\/gaoptout?hl=de) verf\u00fcgbare Browser-Plugin herunterladen und installieren.<\/p>\n<p>Alternativ k\u00f6nnen Sie \u2013 insbesondere bei mobilen Endger\u00e4ten \u2013 die Erfassung durch Google Analytics verhindern, indem Sie auf folgenden Link klicken. Dann wird ein Opt-Out-Cookie gesetzt, der die zuk\u00fcnftige Erfassung Ihrer Daten beim Besuch dieser Website verhindert: <a href=\"https:\/\/tools.google.com\/dlpage\/gaoptout?hl=de\">Google Analytics deaktivieren<\/a><\/p>\n<p>N\u00e4here Informationen zu den Nutzungsbedingungen von Google Analytics und zu Datenschutzhinweisen finden Sie unter: <a href=\"https:\/\/policies.google.com\/privacy\">https:\/\/policies.google.com\/privacy<\/a><\/p>\n<h3 data-fontsize=\"24\" style=\"--fontSize: 24; line-height: 1.36; --minFontSize: 24;\" data-lineheight=\"32.64px\" class=\"fusion-responsive-typography-calculated\"><i><strong>GOOGLE WEBFONTS<\/strong><\/i><\/h3>\n<p>Wir setzen auf unseren Internetseiten sog. Google Webfonts ein. Dabei werden Schriftarten von Servern von Google geladen, die einer besseren Gestaltung der Internetseite dienen. Die Datenverarbeitung erfolgt auf Basis einer Interessenabw\u00e4gung, wobei unser Interesse in einer ansprechenden Gestaltung der Internetseite besteht.<\/p>\n<p>Die betreffenden Schriftarten werden von Servern von Google geladen, die sich in der Regel in den USA befinden. Das angemessene Datenschutzniveau wird von Google garantiert (<a href=\"https:\/\/www.privacyshield.gov\/participant?id=a2zt000000001L5AAI&amp;status=Active\">Listeneintrag<\/a> \u201ePrivacy Shield\u201c).<\/p>\n<h3 data-fontsize=\"24\" style=\"--fontSize: 24; line-height: 1.36; --minFontSize: 24;\" data-lineheight=\"32.64px\" class=\"fusion-responsive-typography-calculated\"><i><strong>ZWECKE DER VERARBEITUNG PERSONENBEZOGENER DATEN<\/strong><\/i><\/h3>\n<p>Die vorgenannten Daten verarbeiten wir f\u00fcr den Betrieb unserer Internetseite und f\u00fcr Erf\u00fcllung von vertraglichen Pflichten gegen\u00fcber unseren Kunden bzw. der Wahrung unserer berechtigten Interessen.<\/p>\n<p>Bei Anfragen von Ihnen au\u00dferhalb eines aktiven Kundenverh\u00e4ltnisses verarbeiten wir die Daten f\u00fcr Zwecke des Vertriebs und der Werbung. Sie k\u00f6nnen einer Verwendung Ihrer personenbezogenen Daten f\u00fcr Werbezwecke jederzeit widersprechen.<\/p>\n<h3 data-fontsize=\"24\" style=\"--fontSize: 24; line-height: 1.36; --minFontSize: 24;\" data-lineheight=\"32.64px\" class=\"fusion-responsive-typography-calculated\"><i><strong>FREIWILLIGE ANGABEN<\/strong><\/i><\/h3>\n<p>Soweit Sie Daten uns gegen\u00fcber z.B. in Formularen freiwillig angeben und diese f\u00fcr die Erf\u00fcllung unserer vertraglichen Pflichten nicht erforderlich sind, verarbeiten wir diese Daten in der berechtigten Annahme, dass die Verarbeitung und Verwendung dieser Daten in Ihrem Interesse ist.<\/p>\n<h3 data-fontsize=\"24\" style=\"--fontSize: 24; line-height: 1.36; --minFontSize: 24;\" data-lineheight=\"32.64px\" class=\"fusion-responsive-typography-calculated\"><i><strong>EMPF\u00c4NGER \/ WEITERGABE VON DATEN<\/strong><\/i><\/h3>\n<p>Daten, die Sie uns gegen\u00fcber angeben, werden grunds\u00e4tzlich nicht an Dritte weitergegeben. Insbesondere werden Ihre Daten nicht an Dritte f\u00fcr deren Werbezwecke weitergegeben.<\/p>\n<p>Wir setzen jedoch ggf. Dienstleister f\u00fcr den Betrieb dieser Internetseiten oder f\u00fcr weitere Produkte oder Dienstleistungen von uns ein. Hier kann es vorkommen, dass ein Dienstleister Kenntnis von personenbezogenen Daten erh\u00e4lt Wir w\u00e4hlen unsere Dienstleister sorgf\u00e4ltig \u2013 insbesondere im Hinblick auf Datenschutz und Datensicherheit \u2013 aus und treffen alle datenschutzrechtlich erforderlichen Ma\u00dfnahmen f\u00fcr eine zul\u00e4ssige Datenverarbeitung.<\/p>\n<h3 data-fontsize=\"24\" style=\"--fontSize: 24; line-height: 1.36; --minFontSize: 24;\" data-lineheight=\"32.64px\" class=\"fusion-responsive-typography-calculated\"><i><strong>DATENVERARBEITUNG AUSSERHALB DER EUROP\u00c4ISCHEN UNIO<\/strong><\/i><\/h3>\n<p>Soweit personenbezogene Daten au\u00dferhalb der europ\u00e4ischen Union verarbeitet werden, k\u00f6nnen Sie dies den vorherigen Ausf\u00fchrungen entnehmen.<\/p>\n<h3 data-fontsize=\"24\" style=\"--fontSize: 24; line-height: 1.36; --minFontSize: 24;\" data-lineheight=\"32.64px\" class=\"fusion-responsive-typography-calculated\"><i><strong>DATENSCHUTZBEAUFTRAGTER<\/strong><\/i><\/h3>\n<p>Wir haben einen Datenschutzbeauftragten benannt.<\/p>\n<p>Sie erreichen diesen wie folgt:<\/p>\n<p>Hourun GmbH<br \/><span style=\"color: var(--awb-text-color); font-family: var(--awb-text-font-family); font-size: var(--awb-font-size); font-style: var(--awb-text-font-style); font-weight: var(--awb-text-font-weight); letter-spacing: var(--awb-letter-spacing); text-align: var(--awb-content-alignment); text-transform: var(--awb-text-transform); background-color: var(--awb-bg-color-hover);\">&#8211; Datenschutzbeauftragter \u2013<br \/><\/span><span style=\"color: var(--awb-text-color); font-family: var(--awb-text-font-family); font-size: var(--awb-font-size); font-style: var(--awb-text-font-style); font-weight: var(--awb-text-font-weight); letter-spacing: var(--awb-letter-spacing); text-align: var(--awb-content-alignment); text-transform: var(--awb-text-transform); background-color: var(--awb-bg-color-hover);\">Taunus Stra\u00dfe 27<\/span><\/p>\n<p><span style=\"color: var(--awb-text-color); font-family: var(--awb-text-font-family); font-size: var(--awb-font-size); font-style: var(--awb-text-font-style); font-weight: var(--awb-text-font-weight); letter-spacing: var(--awb-letter-spacing); text-align: var(--awb-content-alignment); text-transform: var(--awb-text-transform); background-color: var(--awb-bg-color-hover);\">65183 Wiesbaden<\/span><\/p>\n<p>E-Mail: <a href=\"mailto:buero.wiesbaden@melodypartybox.de\" target=\"_blank\" rel=\"noopener noreferrer\">buero.wiesbaden@melodypartybox.de<\/a><\/p>\n<h3 data-fontsize=\"24\" style=\"--fontSize: 24; line-height: 1.36; --minFontSize: 24;\" data-lineheight=\"32.64px\" class=\"fusion-responsive-typography-calculated\"><i><strong>IHRE RECHTE ALS BETROFFENE\/R<\/strong><\/i><\/h3>\n<p>Sie haben das Recht auf <strong>Auskunft<\/strong> \u00fcber die Sie betreffenden personenbezogenen Daten. Sie k\u00f6nnen sich f\u00fcr eine Auskunft jederzeit an uns wenden.<\/p>\n<p>Bei einer Auskunftsanfrage, die nicht schriftlich erfolgt, bitten wir um Verst\u00e4ndnis daf\u00fcr, dass wir ggf. Nachweise von Ihnen verlangen, die belegen, dass Sie die Person sind, f\u00fcr die Sie sich ausgeben.<\/p>\n<p>Ferner haben Sie ein Recht auf <strong>Berichtigung<\/strong> oder <strong>L\u00f6schung<\/strong> oder auf <strong>Einschr\u00e4nkung<\/strong> der Verarbeitung, soweit Ihnen dies gesetzlich zusteht.<\/p>\n<p>Schlie\u00dflich haben Sie ein <strong>Widerspruchsrecht<\/strong> gegen die Verarbeitung im Rahmen der gesetzlichen Vorgaben.<\/p>\n<p>Ein Recht auf <strong>Daten\u00fcbertragbarkeit<\/strong> besteht ebenfalls im Rahmen der datenschutzrechtlichen Vorgaben.<\/p>\n<h3 data-fontsize=\"24\" style=\"--fontSize: 24; line-height: 1.36; --minFontSize: 24;\" data-lineheight=\"32.64px\" class=\"fusion-responsive-typography-calculated\"><i><strong>L\u00d6SCHUNG VON DATEN<\/strong><\/i><\/h3>\n<p>Wir l\u00f6schen personenbezogene Daten grunds\u00e4tzlich dann, wenn kein Erfordernis f\u00fcr eine weitere Speicherung besteht. Ein Erfordernis kann insbesondere dann bestehen, wenn die Daten noch ben\u00f6tigt werden, um vertragliche Leistungen zur erf\u00fcllen, Gew\u00e4hrleistungs- und ggf. Garantieanspr\u00fcche pr\u00fcfen und gew\u00e4hren oder abwehren zu k\u00f6nnen. Im Falle von gesetzlichen Aufbewahrungspflichten kommt eine L\u00f6schung erst nach Ablauf der jeweiligen Aufbewahrungspflicht in Betracht.<\/p>\n<h3 data-fontsize=\"24\" style=\"--fontSize: 24; line-height: 1.36; --minFontSize: 24;\" data-lineheight=\"32.64px\" class=\"fusion-responsive-typography-calculated\"><i><strong>BESCHWERDERECHT BEI EINER AUFSICHTSBEH\u00d6RDE<\/strong><\/i><\/h3>\n<p>Sie haben das Recht, sich \u00fcber die Verarbeitung personenbezogenen Daten durch uns bei einer <strong>Aufsichtsbeh\u00f6rde<\/strong> f\u00fcr den Datenschutz zu beschweren.<\/p>\n<h3 data-fontsize=\"24\" style=\"--fontSize: 24; line-height: 1.36; --minFontSize: 24;\" data-lineheight=\"32.64px\" class=\"fusion-responsive-typography-calculated\"><i><strong>\u00c4NDERUNG DIESER DATENSCHUTZHINWEISE<\/strong><\/i><\/h3>\n<p>Wir \u00fcberarbeiten diese Datenschutzhinweise bei \u00c4nderungen an dieser Internetseite oder bei sonstigen Anl\u00e4ssen, die dies erforderlich machen. Die jeweils aktuelle Fassung finden Sie stets auf dieser Internetseite<\/p>\n<p>Stand: 12.12.2024<\/p>\n<\/div><\/div><\/div><div class=\"fusion-layout-column fusion_builder_column fusion-builder-column-2 fusion_builder_column_1_6 1_6 fusion-flex-column\" style=\"--awb-bg-size:cover;--awb-width-large:16.666666666667%;--awb-margin-top-large:0px;--awb-spacing-right-large:11.52%;--awb-margin-bottom-large:20px;--awb-spacing-left-large:11.52%;--awb-width-medium:100%;--awb-order-medium:0;--awb-spacing-right-medium:1.92%;--awb-spacing-left-medium:1.92%;--awb-width-small:100%;--awb-order-small:0;--awb-spacing-right-small:1.92%;--awb-spacing-left-small:1.92%;\"><div class=\"fusion-column-wrapper fusion-column-has-shadow fusion-flex-justify-content-flex-start fusion-content-layout-column\"><\/div><\/div><\/div><\/div>\n","protected":false},"excerpt":{"rendered":"","protected":false},"author":2,"featured_media":0,"parent":0,"menu_order":0,"comment_status":"closed","ping_status":"closed","template":"","meta":{"footnotes":""},"class_list":["post-4937","page","type-page","status-publish","hentry"],"_links":{"self":[{"href":"https:\/\/melodypartybox.de\/wiesbaden\/wp-json\/wp\/v2\/pages\/4937","targetHints":{"allow":["GET"]}}],"collection":[{"href":"https:\/\/melodypartybox.de\/wiesbaden\/wp-json\/wp\/v2\/pages"}],"about":[{"href":"https:\/\/melodypartybox.de\/wiesbaden\/wp-json\/wp\/v2\/types\/page"}],"author":[{"embeddable":true,"href":"https:\/\/melodypartybox.de\/wiesbaden\/wp-json\/wp\/v2\/users\/2"}],"replies":[{"embeddable":true,"href":"https:\/\/melodypartybox.de\/wiesbaden\/wp-json\/wp\/v2\/comments?post=4937"}],"version-history":[{"count":1,"href":"https:\/\/melodypartybox.de\/wiesbaden\/wp-json\/wp\/v2\/pages\/4937\/revisions"}],"predecessor-version":[{"id":5629,"href":"https:\/\/melodypartybox.de\/wiesbaden\/wp-json\/wp\/v2\/pages\/4937\/revisions\/5629"}],"wp:attachment":[{"href":"https:\/\/melodypartybox.de\/wiesbaden\/wp-json\/wp\/v2\/media?parent=4937"}],"curies":[{"name":"wp","href":"https:\/\/api.w.org\/{rel}","templated":true}]}}